{"id":13,"date":"2022-11-16T12:11:40","date_gmt":"2022-11-16T15:11:40","guid":{"rendered":"https:\/\/www.tepatiki.com.ar\/?page_id=13"},"modified":"2025-11-08T13:52:51","modified_gmt":"2025-11-08T16:52:51","slug":"catalogo-libre","status":"publish","type":"page","link":"https:\/\/www.tepatiki.com.ar\/index.php\/catalogo-libre\/","title":{"rendered":"Cat\u00e1logo libre de descarga gratuita de libros digitales"},"content":{"rendered":"\n<p><\/p>\n\n\n\n<p>Aqu\u00ed encontrar\u00e1s todos los libros liberados al p\u00fablico para su lectura, espec\u00edficamente aquellos que son de <strong>difusi\u00f3n<\/strong>, como los de Wachuma, Ayahuasca, Cosmovivencia Kallawaya, Epistemolog\u00edas andinas, y similares. <\/p>\n\n\n\n<p><em>No as\u00ed los comerciales que solo incluyen las primeras 15 p\u00e1ginas (como por ejemplo, los de ecopoes\u00eda, y los de coplas bagualeras).<\/em><\/p>\n\n\n\n<p>Ejemplares <strong>f\u00edsicos en papel<\/strong>, en idioma <strong>castellano<\/strong>: Ver la secci\u00f3n <a href=\"https:\/\/tepatikieditorial.mitiendanube.com\/\" target=\"_blank\" rel=\"noopener\" title=\"\">Librer\u00eda En L\u00ednea<\/a>.<\/p>\n\n\n\n<p>Ejemplares en <strong>digital y f\u00edsico en papel<\/strong>, fuera de Argentina, en <strong>castellano e ingl\u00e9s<\/strong>: ver en <a href=\"https:\/\/www.amazon.com\/s?k=Martin+D+Cernadas&amp;i=digital-text&amp;s=date-desc-rank&amp;__mk_es_US=%C3%85M%C3%85%C5%BD%C3%95%C3%91&amp;crid=347DUSZ4DNY22&amp;qid=1747850421&amp;sprefix=martin+d+cernadas%2Cdigital-text%2C1750&amp;ref=sr_st_date-desc-rank&amp;ds=v1%3ANlIpjHuT0If6nMzVSJy6VN1RNoKsUEQFCmyruArJ%2BMg\" target=\"_blank\" rel=\"noopener\" title=\"\">Amazon KDP &#8211; Kindle Store<\/a>.<\/p>\n\n\n\n<div class=\"wp-block-columns is-layout-flex wp-container-core-columns-is-layout-9d6595d7 wp-block-columns-is-layout-flex\">\n<div class=\"wp-block-column is-layout-flow wp-block-column-is-layout-flow\" style=\"flex-basis:100%\">\n<p><\/p>\n\n\n\n<figure class=\"wp-block-table alignleft\"><table><thead><tr><th><strong>Detalles de la obra<\/strong><\/th><th><strong>Enlace de descarga<\/strong><\/th><\/tr><\/thead><tbody><tr><td>Yachay Pacha. La dimensi\u00f3n del conocimiento para los kallawaya. <br>(@) Safecreative 29\/10\/2025 <strong>2510293530590 <\/strong>. ISBN 978-631-91-4850-3<\/td><td><a href=\"https:\/\/www.tepatiki.com.ar\/wp-content\/uploads\/2025\/11\/Yachay-Pacha.-La-dimension-del-conocimiento-para-los-kallawaya.Fragmento.pdf\" target=\"_blank\" rel=\"noopener\" title=\"\">https:\/\/www.tepatiki.com.ar\/wp-content\/uploads\/2025\/11\/Yachay-Pacha.-La-dimension-del-conocimiento-para-los-kallawaya.Fragmento.pdf<\/a><\/td><\/tr><tr><td>El monte en llamas. (@) Safecreative 8\/06\/2025 <strong>2506092036340 <\/strong>. ISBN 978-631-00-9259-1<\/td><td><a href=\"https:\/\/www.tepatiki.com.ar\/wp-content\/uploads\/2025\/09\/El-Monte-en-Llamas.version.reducida-1.pdf\" target=\"_blank\" rel=\"noopener\" title=\"\">https:\/\/www.tepatiki.com.ar\/w<\/a><a href=\"https:\/\/www.tepatiki.com.ar\/wp-content\/uploads\/2025\/09\/El-Monte-en-Llamas.version.reducida.pdf\" target=\"_blank\" rel=\"noopener\" title=\"\">p-content\/uploads\/2025\/09\/El-Monte-en-Llamas.version.reducida.pdf<\/a><br><\/td><\/tr><tr><td>El Conocimiento para la tradici\u00f3n andina del linaje Turpo. Charlas con Rufino y sus hijos Jos\u00e9 e Hilda.&nbsp;&nbsp;(@) Safecreative 19\/02\/2025 <strong>2502190912210<\/strong>. ISBN: 978-631-00-7399-6<\/td><td><a href=\"https:\/\/www.tepatiki.com.ar\/wp-content\/uploads\/2025\/03\/El-Conocimiento-para-la-tradicion-andina-del-linaje-Turpo.-Charlas-con-Rufino-y-sus-hijos-Jose-e-Hilda.Reducido.Gratuito.pdf\" target=\"_blank\" rel=\"noopener\" title=\"\">https:\/\/www.tepatiki.com.ar\/wp-content\/uploads\/2025\/03\/El-Conocimiento-para-la-tradicion-andina-del-linaje-Turpo.-Charlas-con-Rufino-y-sus-hijos-Jose-e-Hilda.Reducido.Gratuito.pdf<\/a><\/td><\/tr><tr><td>Secretos de la Tierra. Relatos y reflexiones de Manuel Lagleyze. Libro II.<em> (@) Martin D Cernadas<\/em> <em>&amp; Liliana Hernandez Coronado<\/em>. ISBN 978-631-00-4742-3. 31\/7\/2024<\/td><td><a href=\"https:\/\/www.tepatiki.com.ar\/wp-content\/uploads\/2024\/07\/Secretos-de-la-TIerra.Manuel-Lagleyze.Libro2_.A5.V2.digital.pdf\" target=\"_blank\" rel=\"noopener\" title=\"\">https:\/\/www.tepatiki.com.ar\/wp-content\/uploads\/2024\/07\/Secretos-de-la-TIerra.Manuel-Lagleyze.Libro2_.A5.V2.digital.pdf<\/a><\/td><\/tr><tr><td>Flor de Amaneceres. Nuevos poemas del Hatun Mayu. <em>(@)<\/em> <em>Yaxkin Melchy<\/em>. ISBN 978-631-00-4133-9. 30\/7\/2024<\/td><td><a href=\"https:\/\/www.tepatiki.com.ar\/wp-content\/uploads\/2024\/07\/Flor_de_Amaneceres.Extracto-gratuito.pdf\" target=\"_blank\" rel=\"noopener\" title=\"\">https:\/\/www.tepatiki.com.ar\/wp-content\/uploads\/2024\/07\/Flor_de_Amaneceres.Extracto-gratuito.pdf<\/a><\/td><\/tr><tr><td>Secretos de la Tierra. Relatos y reflexiones de Manuel Lagleyze. Libro I.<em> (@) Martin D Cernadas<\/em> <em>&amp; Liliana Hernandez Coronado<\/em>. ISBN 978-631-00-1991-8.<\/td><td><a href=\"https:\/\/www.tepatiki.com.ar\/wp-content\/uploads\/2024\/02\/Secretos-de-la-Tierra-con-tapa.pdf\" target=\"_blank\" rel=\"noopener\" title=\"\">https:\/\/www.tepatiki.com.ar\/wp-content\/uploads\/2024\/02\/Secretos-de-la-Tierra-con-tapa.pdf<\/a><\/td><\/tr><tr><td>Ayahuasca. Mitos, ritos, simbolos, usos. Charlas con Zadir Milla y Olinda Silvano. <em>(@) Martin D Cernadas &amp; Liliana Hernandez Coronado<\/em>&nbsp;(@) Safecreative 17\/09\/2023&nbsp;<strong>2309175337767<\/strong>. ISBN: 978-631-00-1926-0<\/td><td><a href=\"https:\/\/www.tepatiki.com.ar\/wp-content\/uploads\/2025\/09\/AyahuascaV3.Extracto-reducido.pdf\" target=\"_blank\" rel=\"noopener\" title=\"\">https:\/\/www.tepatiki.com.ar\/wp-content\/uploads\/2023\/11\/Ayahuasca.-Mitos-Ritos-Simbolos-y-Usos.-Charlas-con-Zadir-Milla-y-Olinda-Silvano.Extracto-reducido.pdf<\/a><\/td><\/tr><tr><td>Que haya bosques. Cancionero de coplas bag\u00fcaleras de Paula Coral. (@) Safecreative 17\/09\/2023&nbsp;<strong>2309175337316<\/strong>. ISBN: 978-631-00-1296-4<\/td><td><a href=\"https:\/\/www.tepatiki.com.ar\/wp-content\/uploads\/2023\/10\/Que-haya-Bosques-extracto.pdf\" target=\"_blank\" rel=\"noopener\" title=\"\">https:\/\/www.tepatiki.com.ar\/wp-content\/uploads\/2023\/10\/Que-haya-Bosques-extracto.pdf<\/a><\/td><\/tr><tr><td><em>Wachuma. Mitos, Ritos Simbolos y Usos para los kallawaya. Charlas con Aurelio Ortiz. (@) Martin D Cernadas. (@) Safecreative 14\/05\/2023&nbsp;<strong>2305144315828<\/strong>. ISBN: 978-987-88-9208-5<\/em><\/td><td><a href=\"https:\/\/www.tepatiki.com.ar\/wp-content\/uploads\/2025\/09\/Wachuma_version-impresion.extracto_reducido-1.pdf\" target=\"_blank\" rel=\"noopener\" title=\"\">https:\/\/www.tepatiki.com.ar\/wp-content\/uploads\/2023\/06\/Wachuma.-Mitos-Ritos-Simbolos-y-Usos-para-los-kallawaya.-Charlas-con-Aurelio-Ortiz.Extracto reducido.pdf<\/a><\/td><\/tr><tr><td><em>Cronicas de &#8220;La Ruta de la Maga&#8221;, Dario Toba, 2022. ISBN digital 978-987-86-9508-2<\/em><\/td><td><a href=\"https:\/\/www.tepatiki.com.ar\/wp-content\/uploads\/2022\/11\/Cronica-La-Ruta-de-la-Maga-V2.pdf\" target=\"_blank\" rel=\"noopener\" title=\"\">https:\/\/www.tepatiki.com.ar\/wp-content\/uploads\/2022\/11\/Cronica-La-Ruta-de-la-Maga-V2.pdf<\/a><\/td><\/tr><tr><td><em>Relatos Cortos &#8220;Enlazadora de Mundos&#8221;, Dario Toba. Edici\u00f3n original 2015 y re-editado 2021. ISBN digital 978-987-86-9494-8<\/em><\/td><td><a href=\"https:\/\/www.tepatiki.com.ar\/wp-content\/uploads\/2022\/11\/RELATOS-CORTOS-ENLAZADORA-DE-MUNDOS-v2.pdf\" target=\"_blank\" rel=\"noopener\" title=\"\">https:\/\/www.tepatiki.com.ar\/wp-content\/uploads\/2022\/11\/RELATOS-CORTOS-ENLAZADORA-DE-MUNDOS-v2.pdf<\/a><\/td><\/tr><tr><td>Tao Te King, por Lao Tse. Traducci\u00f3n de Roberto Pla (1974). Edici\u00f3n con dibujos de Ariadna Tartara Moyano. ISBN digital 978-607-9395-11-7<\/td><td><a href=\"https:\/\/www.tepatiki.com.ar\/wp-content\/uploads\/2022\/11\/Tao-Te-King.pdf\" target=\"_blank\" rel=\"noopener\" title=\"\">https:\/\/www.tepatiki.com.ar\/wp-content\/uploads\/2022\/11\/Tao-Te-King.pdf<\/a><\/td><\/tr><\/tbody><\/table><\/figure>\n\n\n\n<p><\/p>\n\n\n\n<p><\/p>\n\n\n\n<p><\/p>\n<\/div>\n<\/div>\n\n\n\n<p><\/p>\n\n\n\n<p><\/p>\n<p>Views: 150<\/p>","protected":false},"excerpt":{"rendered":"<p>Aqu\u00ed encontrar\u00e1s todos los libros liberados al p\u00fablico para su lectura, espec\u00edficamente aquellos que son de difusi\u00f3n, como los de&#8230;<\/p>\n<p class=\"more-link-wrap\"><a href=\"https:\/\/www.tepatiki.com.ar\/index.php\/catalogo-libre\/\" class=\"more-link\">Read More<span class=\"screen-reader-text\"> &ldquo;Cat\u00e1logo libre de descarga gratuita de libros digitales&rdquo;<\/span> &raquo;<\/a><\/p>\n","protected":false},"author":1,"featured_media":0,"parent":0,"menu_order":0,"comment_status":"closed","ping_status":"closed","template":"","meta":{"_monsterinsights_skip_tracking":false,"_monsterinsights_sitenote_active":false,"_monsterinsights_sitenote_note":"","_monsterinsights_sitenote_category":0,"_uf_show_specific_survey":0,"_uf_disable_surveys":false,"footnotes":""},"class_list":["post-13","page","type-page","status-publish","hentry"],"aioseo_notices":[],"_links":{"self":[{"href":"https:\/\/www.tepatiki.com.ar\/index.php\/wp-json\/wp\/v2\/pages\/13","targetHints":{"allow":["GET"]}}],"collection":[{"href":"https:\/\/www.tepatiki.com.ar\/index.php\/wp-json\/wp\/v2\/pages"}],"about":[{"href":"https:\/\/www.tepatiki.com.ar\/index.php\/wp-json\/wp\/v2\/types\/page"}],"author":[{"embeddable":true,"href":"https:\/\/www.tepatiki.com.ar\/index.php\/wp-json\/wp\/v2\/users\/1"}],"replies":[{"embeddable":true,"href":"https:\/\/www.tepatiki.com.ar\/index.php\/wp-json\/wp\/v2\/comments?post=13"}],"version-history":[{"count":33,"href":"https:\/\/www.tepatiki.com.ar\/index.php\/wp-json\/wp\/v2\/pages\/13\/revisions"}],"predecessor-version":[{"id":1084,"href":"https:\/\/www.tepatiki.com.ar\/index.php\/wp-json\/wp\/v2\/pages\/13\/revisions\/1084"}],"wp:attachment":[{"href":"https:\/\/www.tepatiki.com.ar\/index.php\/wp-json\/wp\/v2\/media?parent=13"}],"curies":[{"name":"wp","href":"https:\/\/api.w.org\/{rel}","templated":true}]}}