{"id":948,"date":"2025-08-23T23:00:05","date_gmt":"2025-08-24T02:00:05","guid":{"rendered":"https:\/\/www.tepatiki.com.ar\/?page_id=948"},"modified":"2025-11-19T17:40:14","modified_gmt":"2025-11-19T20:40:14","slug":"la-visita-de-aurelio-ortiz-a-capilla-del-monte-cordoba-argentina","status":"publish","type":"page","link":"https:\/\/www.tepatiki.com.ar\/index.php\/la-visita-de-aurelio-ortiz-a-capilla-del-monte-cordoba-argentina\/","title":{"rendered":"Visitas de nuestros autores y entrevistados a la editorial"},"content":{"rendered":"\n<blockquote class=\"wp-block-quote is-layout-flow wp-block-quote-is-layout-flow\">\n<h6 class=\"wp-block-heading\">Rufino Turpo, Noviembre\/2025<\/h6>\n<\/blockquote>\n\n\n\n<p>Durante 3 d\u00edas de Noviembre del 2025, Rufino Turpo, heredero de su linaje familiar andino y del Ausangate, visit\u00f3 por primera Argentina, en ocasi\u00f3n de presentar el libro que lo tiene como entrevistado y del cual hici\u00e9ramos la presentaci\u00f3n oficial. <\/p>\n\n\n\n<p>Lo hospedamos y participamos adem\u00e1s de iniciaciones primordiales.<\/p>\n\n\n\n<p>Algunas fotos junto al Ayllu Uritorqhomante Yrau Kuntur.<\/p>\n\n\n\n<figure class=\"wp-block-image size-large\"><img loading=\"lazy\" decoding=\"async\" width=\"979\" height=\"1024\" src=\"https:\/\/www.tepatiki.com.ar\/wp-content\/uploads\/2025\/11\/Rufino1-979x1024.jpg\" alt=\"\" class=\"wp-image-1096\" srcset=\"https:\/\/www.tepatiki.com.ar\/wp-content\/uploads\/2025\/11\/Rufino1-979x1024.jpg 979w, https:\/\/www.tepatiki.com.ar\/wp-content\/uploads\/2025\/11\/Rufino1-287x300.jpg 287w, https:\/\/www.tepatiki.com.ar\/wp-content\/uploads\/2025\/11\/Rufino1-768x804.jpg 768w, https:\/\/www.tepatiki.com.ar\/wp-content\/uploads\/2025\/11\/Rufino1.jpg 1035w\" sizes=\"auto, (max-width: 979px) 100vw, 979px\" \/><\/figure>\n\n\n\n<figure class=\"wp-block-gallery has-nested-images columns-default is-cropped wp-block-gallery-1 is-layout-flex wp-block-gallery-is-layout-flex\">\n<figure class=\"wp-block-image size-large\"><img loading=\"lazy\" decoding=\"async\" width=\"1024\" height=\"722\" data-id=\"1095\" src=\"https:\/\/www.tepatiki.com.ar\/wp-content\/uploads\/2025\/11\/Junto-al-Ayllu1-1024x722.jpg\" alt=\"\" class=\"wp-image-1095\" srcset=\"https:\/\/www.tepatiki.com.ar\/wp-content\/uploads\/2025\/11\/Junto-al-Ayllu1-1024x722.jpg 1024w, https:\/\/www.tepatiki.com.ar\/wp-content\/uploads\/2025\/11\/Junto-al-Ayllu1-300x212.jpg 300w, https:\/\/www.tepatiki.com.ar\/wp-content\/uploads\/2025\/11\/Junto-al-Ayllu1-768x541.jpg 768w, https:\/\/www.tepatiki.com.ar\/wp-content\/uploads\/2025\/11\/Junto-al-Ayllu1.jpg 1302w\" sizes=\"auto, (max-width: 1024px) 100vw, 1024px\" \/><\/figure>\n\n\n\n<figure class=\"wp-block-image size-large\"><img loading=\"lazy\" decoding=\"async\" width=\"1024\" height=\"373\" data-id=\"1097\" src=\"https:\/\/www.tepatiki.com.ar\/wp-content\/uploads\/2025\/11\/Panoramica-Martin-1024x373.jpg\" alt=\"\" class=\"wp-image-1097\" srcset=\"https:\/\/www.tepatiki.com.ar\/wp-content\/uploads\/2025\/11\/Panoramica-Martin-1024x373.jpg 1024w, https:\/\/www.tepatiki.com.ar\/wp-content\/uploads\/2025\/11\/Panoramica-Martin-300x109.jpg 300w, https:\/\/www.tepatiki.com.ar\/wp-content\/uploads\/2025\/11\/Panoramica-Martin-768x280.jpg 768w, https:\/\/www.tepatiki.com.ar\/wp-content\/uploads\/2025\/11\/Panoramica-Martin.jpg 1462w\" sizes=\"auto, (max-width: 1024px) 100vw, 1024px\" \/><\/figure>\n<\/figure>\n\n\n\n<p><\/p>\n\n\n\n<blockquote class=\"wp-block-quote is-layout-flow wp-block-quote-is-layout-flow\">\n<p><strong>Aurelio Ortiz Huaricallo, Julio\/2025<\/strong><\/p>\n<\/blockquote>\n\n\n\n<p>En Julio del 2025,  y el marco de la visita por primera vez del medico nativo kallawaya, Aurelio Ortiz, a Capilla del Monte, C\u00f3rdoba, Argentina, tuvimos la ocasi\u00f3n de hospedarlo, trabajar junto a \u00e9l en los diferentes rituales (mesas) y terapias, ademas de profundas charlas.<\/p>\n\n\n\n<p>Todo esto para ir preparando la edicion y publicacion de un segundo libro de charlas con \u00e9l, donde adem\u00e1s se incluir\u00e1 el registro cultural musical que tienen los kallawaya en sus rituales.<\/p>\n\n\n\n<p>Algunas fotos de la ocasi\u00f3n:<\/p>\n\n\n\n<figure class=\"wp-block-gallery has-nested-images columns-default is-cropped wp-block-gallery-2 is-layout-flex wp-block-gallery-is-layout-flex\">\n<figure class=\"wp-block-image size-large\"><img loading=\"lazy\" decoding=\"async\" width=\"473\" height=\"1024\" data-id=\"956\" src=\"https:\/\/www.tepatiki.com.ar\/wp-content\/uploads\/2025\/08\/Camera-Image-20250726-473x1024.jpg\" alt=\"\" class=\"wp-image-956\" srcset=\"https:\/\/www.tepatiki.com.ar\/wp-content\/uploads\/2025\/08\/Camera-Image-20250726-473x1024.jpg 473w, https:\/\/www.tepatiki.com.ar\/wp-content\/uploads\/2025\/08\/Camera-Image-20250726-139x300.jpg 139w, https:\/\/www.tepatiki.com.ar\/wp-content\/uploads\/2025\/08\/Camera-Image-20250726-768x1663.jpg 768w, https:\/\/www.tepatiki.com.ar\/wp-content\/uploads\/2025\/08\/Camera-Image-20250726-709x1536.jpg 709w, https:\/\/www.tepatiki.com.ar\/wp-content\/uploads\/2025\/08\/Camera-Image-20250726-946x2048.jpg 946w, https:\/\/www.tepatiki.com.ar\/wp-content\/uploads\/2025\/08\/Camera-Image-20250726-scaled.jpg 1182w\" sizes=\"auto, (max-width: 473px) 100vw, 473px\" \/><\/figure>\n\n\n\n<figure class=\"wp-block-image size-large\"><img loading=\"lazy\" decoding=\"async\" width=\"1024\" height=\"473\" data-id=\"953\" src=\"https:\/\/www.tepatiki.com.ar\/wp-content\/uploads\/2025\/08\/Camera-Image-20250721-12-1024x473.jpg\" alt=\"\" class=\"wp-image-953\" srcset=\"https:\/\/www.tepatiki.com.ar\/wp-content\/uploads\/2025\/08\/Camera-Image-20250721-12-1024x473.jpg 1024w, https:\/\/www.tepatiki.com.ar\/wp-content\/uploads\/2025\/08\/Camera-Image-20250721-12-300x139.jpg 300w, https:\/\/www.tepatiki.com.ar\/wp-content\/uploads\/2025\/08\/Camera-Image-20250721-12-768x355.jpg 768w, https:\/\/www.tepatiki.com.ar\/wp-content\/uploads\/2025\/08\/Camera-Image-20250721-12-1536x709.jpg 1536w, https:\/\/www.tepatiki.com.ar\/wp-content\/uploads\/2025\/08\/Camera-Image-20250721-12-2048x946.jpg 2048w\" sizes=\"auto, (max-width: 1024px) 100vw, 1024px\" \/><\/figure>\n\n\n\n<figure class=\"wp-block-image size-large\"><img loading=\"lazy\" decoding=\"async\" width=\"473\" height=\"1024\" data-id=\"949\" src=\"https:\/\/www.tepatiki.com.ar\/wp-content\/uploads\/2025\/08\/Camera-Image-20250720-14-473x1024.jpg\" alt=\"\" class=\"wp-image-949\" srcset=\"https:\/\/www.tepatiki.com.ar\/wp-content\/uploads\/2025\/08\/Camera-Image-20250720-14-473x1024.jpg 473w, https:\/\/www.tepatiki.com.ar\/wp-content\/uploads\/2025\/08\/Camera-Image-20250720-14-139x300.jpg 139w, https:\/\/www.tepatiki.com.ar\/wp-content\/uploads\/2025\/08\/Camera-Image-20250720-14-768x1663.jpg 768w, https:\/\/www.tepatiki.com.ar\/wp-content\/uploads\/2025\/08\/Camera-Image-20250720-14-709x1536.jpg 709w, https:\/\/www.tepatiki.com.ar\/wp-content\/uploads\/2025\/08\/Camera-Image-20250720-14-946x2048.jpg 946w, https:\/\/www.tepatiki.com.ar\/wp-content\/uploads\/2025\/08\/Camera-Image-20250720-14-scaled.jpg 1182w\" sizes=\"auto, (max-width: 473px) 100vw, 473px\" \/><\/figure>\n\n\n\n<figure class=\"wp-block-image size-large\"><img loading=\"lazy\" decoding=\"async\" width=\"461\" height=\"1024\" data-id=\"954\" src=\"https:\/\/www.tepatiki.com.ar\/wp-content\/uploads\/2025\/08\/WhatsApp-Image-2025-07-23-at-19.39.18-461x1024.jpeg\" alt=\"\" class=\"wp-image-954\" srcset=\"https:\/\/www.tepatiki.com.ar\/wp-content\/uploads\/2025\/08\/WhatsApp-Image-2025-07-23-at-19.39.18-461x1024.jpeg 461w, https:\/\/www.tepatiki.com.ar\/wp-content\/uploads\/2025\/08\/WhatsApp-Image-2025-07-23-at-19.39.18-135x300.jpeg 135w, https:\/\/www.tepatiki.com.ar\/wp-content\/uploads\/2025\/08\/WhatsApp-Image-2025-07-23-at-19.39.18.jpeg 576w\" sizes=\"auto, (max-width: 461px) 100vw, 461px\" \/><\/figure>\n\n\n\n<figure class=\"wp-block-image size-large\"><img loading=\"lazy\" decoding=\"async\" width=\"473\" height=\"1024\" data-id=\"950\" src=\"https:\/\/www.tepatiki.com.ar\/wp-content\/uploads\/2025\/08\/Camera-Image-20250721-19-473x1024.jpg\" alt=\"\" class=\"wp-image-950\" srcset=\"https:\/\/www.tepatiki.com.ar\/wp-content\/uploads\/2025\/08\/Camera-Image-20250721-19-473x1024.jpg 473w, https:\/\/www.tepatiki.com.ar\/wp-content\/uploads\/2025\/08\/Camera-Image-20250721-19-139x300.jpg 139w, https:\/\/www.tepatiki.com.ar\/wp-content\/uploads\/2025\/08\/Camera-Image-20250721-19-768x1663.jpg 768w, https:\/\/www.tepatiki.com.ar\/wp-content\/uploads\/2025\/08\/Camera-Image-20250721-19-709x1536.jpg 709w, https:\/\/www.tepatiki.com.ar\/wp-content\/uploads\/2025\/08\/Camera-Image-20250721-19-946x2048.jpg 946w, https:\/\/www.tepatiki.com.ar\/wp-content\/uploads\/2025\/08\/Camera-Image-20250721-19-scaled.jpg 1182w\" sizes=\"auto, (max-width: 473px) 100vw, 473px\" \/><\/figure>\n\n\n\n<figure class=\"wp-block-image size-large\"><img loading=\"lazy\" decoding=\"async\" width=\"461\" height=\"1024\" data-id=\"955\" src=\"https:\/\/www.tepatiki.com.ar\/wp-content\/uploads\/2025\/08\/WhatsApp-Image-2025-07-23-at-19.48.53-461x1024.jpeg\" alt=\"\" class=\"wp-image-955\" srcset=\"https:\/\/www.tepatiki.com.ar\/wp-content\/uploads\/2025\/08\/WhatsApp-Image-2025-07-23-at-19.48.53-461x1024.jpeg 461w, https:\/\/www.tepatiki.com.ar\/wp-content\/uploads\/2025\/08\/WhatsApp-Image-2025-07-23-at-19.48.53-135x300.jpeg 135w, https:\/\/www.tepatiki.com.ar\/wp-content\/uploads\/2025\/08\/WhatsApp-Image-2025-07-23-at-19.48.53.jpeg 576w\" sizes=\"auto, (max-width: 461px) 100vw, 461px\" \/><\/figure>\n\n\n\n<figure class=\"wp-block-image size-large\"><img loading=\"lazy\" decoding=\"async\" width=\"1024\" height=\"576\" data-id=\"960\" src=\"https:\/\/www.tepatiki.com.ar\/wp-content\/uploads\/2025\/08\/WhatsApp-Image-2025-07-23-at-21.32.33-1024x576.jpeg\" alt=\"\" class=\"wp-image-960\" srcset=\"https:\/\/www.tepatiki.com.ar\/wp-content\/uploads\/2025\/08\/WhatsApp-Image-2025-07-23-at-21.32.33-1024x576.jpeg 1024w, https:\/\/www.tepatiki.com.ar\/wp-content\/uploads\/2025\/08\/WhatsApp-Image-2025-07-23-at-21.32.33-300x169.jpeg 300w, https:\/\/www.tepatiki.com.ar\/wp-content\/uploads\/2025\/08\/WhatsApp-Image-2025-07-23-at-21.32.33-768x432.jpeg 768w, https:\/\/www.tepatiki.com.ar\/wp-content\/uploads\/2025\/08\/WhatsApp-Image-2025-07-23-at-21.32.33-1536x865.jpeg 1536w, https:\/\/www.tepatiki.com.ar\/wp-content\/uploads\/2025\/08\/WhatsApp-Image-2025-07-23-at-21.32.33-2048x1153.jpeg 2048w\" sizes=\"auto, (max-width: 1024px) 100vw, 1024px\" \/><\/figure>\n\n\n\n<figure class=\"wp-block-image size-large\"><img loading=\"lazy\" decoding=\"async\" width=\"1024\" height=\"576\" data-id=\"957\" src=\"https:\/\/www.tepatiki.com.ar\/wp-content\/uploads\/2025\/08\/WhatsApp-Image-2025-07-23-at-21.32.32-1024x576.jpeg\" alt=\"\" class=\"wp-image-957\" srcset=\"https:\/\/www.tepatiki.com.ar\/wp-content\/uploads\/2025\/08\/WhatsApp-Image-2025-07-23-at-21.32.32-1024x576.jpeg 1024w, https:\/\/www.tepatiki.com.ar\/wp-content\/uploads\/2025\/08\/WhatsApp-Image-2025-07-23-at-21.32.32-300x169.jpeg 300w, https:\/\/www.tepatiki.com.ar\/wp-content\/uploads\/2025\/08\/WhatsApp-Image-2025-07-23-at-21.32.32-768x432.jpeg 768w, https:\/\/www.tepatiki.com.ar\/wp-content\/uploads\/2025\/08\/WhatsApp-Image-2025-07-23-at-21.32.32-1536x865.jpeg 1536w, https:\/\/www.tepatiki.com.ar\/wp-content\/uploads\/2025\/08\/WhatsApp-Image-2025-07-23-at-21.32.32-2048x1153.jpeg 2048w\" sizes=\"auto, (max-width: 1024px) 100vw, 1024px\" \/><\/figure>\n\n\n\n<figure class=\"wp-block-image size-large\"><img loading=\"lazy\" decoding=\"async\" width=\"768\" height=\"1024\" data-id=\"958\" src=\"https:\/\/www.tepatiki.com.ar\/wp-content\/uploads\/2025\/08\/WhatsApp-Image-2025-07-23-at-21.44.09-768x1024.jpeg\" alt=\"\" class=\"wp-image-958\" srcset=\"https:\/\/www.tepatiki.com.ar\/wp-content\/uploads\/2025\/08\/WhatsApp-Image-2025-07-23-at-21.44.09-768x1024.jpeg 768w, https:\/\/www.tepatiki.com.ar\/wp-content\/uploads\/2025\/08\/WhatsApp-Image-2025-07-23-at-21.44.09-225x300.jpeg 225w, https:\/\/www.tepatiki.com.ar\/wp-content\/uploads\/2025\/08\/WhatsApp-Image-2025-07-23-at-21.44.09-1152x1536.jpeg 1152w, https:\/\/www.tepatiki.com.ar\/wp-content\/uploads\/2025\/08\/WhatsApp-Image-2025-07-23-at-21.44.09.jpeg 1200w\" sizes=\"auto, (max-width: 768px) 100vw, 768px\" \/><\/figure>\n\n\n\n<figure class=\"wp-block-image size-large\"><img loading=\"lazy\" decoding=\"async\" width=\"1024\" height=\"473\" data-id=\"951\" src=\"https:\/\/www.tepatiki.com.ar\/wp-content\/uploads\/2025\/08\/Camera-Image-20250719-1024x473.jpg\" alt=\"\" class=\"wp-image-951\" srcset=\"https:\/\/www.tepatiki.com.ar\/wp-content\/uploads\/2025\/08\/Camera-Image-20250719-1024x473.jpg 1024w, https:\/\/www.tepatiki.com.ar\/wp-content\/uploads\/2025\/08\/Camera-Image-20250719-300x139.jpg 300w, https:\/\/www.tepatiki.com.ar\/wp-content\/uploads\/2025\/08\/Camera-Image-20250719-768x355.jpg 768w, https:\/\/www.tepatiki.com.ar\/wp-content\/uploads\/2025\/08\/Camera-Image-20250719-1536x709.jpg 1536w, https:\/\/www.tepatiki.com.ar\/wp-content\/uploads\/2025\/08\/Camera-Image-20250719-2048x946.jpg 2048w\" sizes=\"auto, (max-width: 1024px) 100vw, 1024px\" \/><\/figure>\n\n\n\n<figure class=\"wp-block-image size-large\"><img loading=\"lazy\" decoding=\"async\" width=\"768\" height=\"1024\" data-id=\"959\" src=\"https:\/\/www.tepatiki.com.ar\/wp-content\/uploads\/2025\/08\/WhatsApp-Image-2025-07-23-at-21.44.11-768x1024.jpeg\" alt=\"\" class=\"wp-image-959\" srcset=\"https:\/\/www.tepatiki.com.ar\/wp-content\/uploads\/2025\/08\/WhatsApp-Image-2025-07-23-at-21.44.11-768x1024.jpeg 768w, https:\/\/www.tepatiki.com.ar\/wp-content\/uploads\/2025\/08\/WhatsApp-Image-2025-07-23-at-21.44.11-225x300.jpeg 225w, https:\/\/www.tepatiki.com.ar\/wp-content\/uploads\/2025\/08\/WhatsApp-Image-2025-07-23-at-21.44.11-1152x1536.jpeg 1152w, https:\/\/www.tepatiki.com.ar\/wp-content\/uploads\/2025\/08\/WhatsApp-Image-2025-07-23-at-21.44.11.jpeg 1200w\" sizes=\"auto, (max-width: 768px) 100vw, 768px\" \/><\/figure>\n\n\n\n<figure class=\"wp-block-image size-large\"><img loading=\"lazy\" decoding=\"async\" width=\"1024\" height=\"461\" data-id=\"961\" src=\"https:\/\/www.tepatiki.com.ar\/wp-content\/uploads\/2025\/08\/WhatsApp-Image-2025-07-26-at-12.32.21-1024x461.jpeg\" alt=\"\" class=\"wp-image-961\" srcset=\"https:\/\/www.tepatiki.com.ar\/wp-content\/uploads\/2025\/08\/WhatsApp-Image-2025-07-26-at-12.32.21-1024x461.jpeg 1024w, https:\/\/www.tepatiki.com.ar\/wp-content\/uploads\/2025\/08\/WhatsApp-Image-2025-07-26-at-12.32.21-300x135.jpeg 300w, https:\/\/www.tepatiki.com.ar\/wp-content\/uploads\/2025\/08\/WhatsApp-Image-2025-07-26-at-12.32.21-768x346.jpeg 768w, https:\/\/www.tepatiki.com.ar\/wp-content\/uploads\/2025\/08\/WhatsApp-Image-2025-07-26-at-12.32.21.jpeg 1280w\" sizes=\"auto, (max-width: 1024px) 100vw, 1024px\" \/><\/figure>\n\n\n\n<figure class=\"wp-block-image size-large\"><img loading=\"lazy\" decoding=\"async\" width=\"1024\" height=\"461\" data-id=\"963\" src=\"https:\/\/www.tepatiki.com.ar\/wp-content\/uploads\/2025\/08\/WhatsApp-Image-2025-07-29-at-15.03.59-1024x461.jpeg\" alt=\"\" class=\"wp-image-963\" srcset=\"https:\/\/www.tepatiki.com.ar\/wp-content\/uploads\/2025\/08\/WhatsApp-Image-2025-07-29-at-15.03.59-1024x461.jpeg 1024w, https:\/\/www.tepatiki.com.ar\/wp-content\/uploads\/2025\/08\/WhatsApp-Image-2025-07-29-at-15.03.59-300x135.jpeg 300w, https:\/\/www.tepatiki.com.ar\/wp-content\/uploads\/2025\/08\/WhatsApp-Image-2025-07-29-at-15.03.59-768x346.jpeg 768w, https:\/\/www.tepatiki.com.ar\/wp-content\/uploads\/2025\/08\/WhatsApp-Image-2025-07-29-at-15.03.59-1536x691.jpeg 1536w, https:\/\/www.tepatiki.com.ar\/wp-content\/uploads\/2025\/08\/WhatsApp-Image-2025-07-29-at-15.03.59.jpeg 1600w\" sizes=\"auto, (max-width: 1024px) 100vw, 1024px\" \/><\/figure>\n\n\n\n<figure class=\"wp-block-image size-large\"><img loading=\"lazy\" decoding=\"async\" width=\"1024\" height=\"768\" data-id=\"964\" src=\"https:\/\/www.tepatiki.com.ar\/wp-content\/uploads\/2025\/08\/WhatsApp-Image-2025-07-29-at-15.07.32-1024x768.jpeg\" alt=\"\" class=\"wp-image-964\" srcset=\"https:\/\/www.tepatiki.com.ar\/wp-content\/uploads\/2025\/08\/WhatsApp-Image-2025-07-29-at-15.07.32-1024x768.jpeg 1024w, https:\/\/www.tepatiki.com.ar\/wp-content\/uploads\/2025\/08\/WhatsApp-Image-2025-07-29-at-15.07.32-300x225.jpeg 300w, https:\/\/www.tepatiki.com.ar\/wp-content\/uploads\/2025\/08\/WhatsApp-Image-2025-07-29-at-15.07.32-768x576.jpeg 768w, https:\/\/www.tepatiki.com.ar\/wp-content\/uploads\/2025\/08\/WhatsApp-Image-2025-07-29-at-15.07.32.jpeg 1280w\" sizes=\"auto, (max-width: 1024px) 100vw, 1024px\" \/><\/figure>\n\n\n\n<figure class=\"wp-block-image size-large\"><img loading=\"lazy\" decoding=\"async\" width=\"1024\" height=\"758\" data-id=\"965\" src=\"https:\/\/www.tepatiki.com.ar\/wp-content\/uploads\/2025\/08\/WhatsApp-Image-2025-07-29-at-15.08.45-1024x758.jpeg\" alt=\"\" class=\"wp-image-965\" srcset=\"https:\/\/www.tepatiki.com.ar\/wp-content\/uploads\/2025\/08\/WhatsApp-Image-2025-07-29-at-15.08.45-1024x758.jpeg 1024w, https:\/\/www.tepatiki.com.ar\/wp-content\/uploads\/2025\/08\/WhatsApp-Image-2025-07-29-at-15.08.45-300x222.jpeg 300w, https:\/\/www.tepatiki.com.ar\/wp-content\/uploads\/2025\/08\/WhatsApp-Image-2025-07-29-at-15.08.45-768x568.jpeg 768w, https:\/\/www.tepatiki.com.ar\/wp-content\/uploads\/2025\/08\/WhatsApp-Image-2025-07-29-at-15.08.45.jpeg 1080w\" sizes=\"auto, (max-width: 1024px) 100vw, 1024px\" \/><\/figure>\n\n\n\n<figure class=\"wp-block-image size-large\"><img loading=\"lazy\" decoding=\"async\" width=\"1024\" height=\"744\" data-id=\"966\" src=\"https:\/\/www.tepatiki.com.ar\/wp-content\/uploads\/2025\/08\/WhatsApp-Image-2025-07-29-at-15.08.46-1024x744.jpeg\" alt=\"\" class=\"wp-image-966\" srcset=\"https:\/\/www.tepatiki.com.ar\/wp-content\/uploads\/2025\/08\/WhatsApp-Image-2025-07-29-at-15.08.46-1024x744.jpeg 1024w, https:\/\/www.tepatiki.com.ar\/wp-content\/uploads\/2025\/08\/WhatsApp-Image-2025-07-29-at-15.08.46-300x218.jpeg 300w, https:\/\/www.tepatiki.com.ar\/wp-content\/uploads\/2025\/08\/WhatsApp-Image-2025-07-29-at-15.08.46-768x558.jpeg 768w, https:\/\/www.tepatiki.com.ar\/wp-content\/uploads\/2025\/08\/WhatsApp-Image-2025-07-29-at-15.08.46.jpeg 1080w\" sizes=\"auto, (max-width: 1024px) 100vw, 1024px\" \/><\/figure>\n\n\n\n<figure class=\"wp-block-image size-large\"><img loading=\"lazy\" decoding=\"async\" width=\"1024\" height=\"745\" data-id=\"967\" src=\"https:\/\/www.tepatiki.com.ar\/wp-content\/uploads\/2025\/08\/WhatsApp-Image-2025-07-29-at-15.08.450-1024x745.jpeg\" alt=\"\" class=\"wp-image-967\" srcset=\"https:\/\/www.tepatiki.com.ar\/wp-content\/uploads\/2025\/08\/WhatsApp-Image-2025-07-29-at-15.08.450-1024x745.jpeg 1024w, https:\/\/www.tepatiki.com.ar\/wp-content\/uploads\/2025\/08\/WhatsApp-Image-2025-07-29-at-15.08.450-300x218.jpeg 300w, https:\/\/www.tepatiki.com.ar\/wp-content\/uploads\/2025\/08\/WhatsApp-Image-2025-07-29-at-15.08.450-768x559.jpeg 768w, https:\/\/www.tepatiki.com.ar\/wp-content\/uploads\/2025\/08\/WhatsApp-Image-2025-07-29-at-15.08.450.jpeg 1080w\" sizes=\"auto, (max-width: 1024px) 100vw, 1024px\" \/><\/figure>\n\n\n\n<figure class=\"wp-block-image size-large\"><img loading=\"lazy\" decoding=\"async\" width=\"1024\" height=\"760\" data-id=\"968\" src=\"https:\/\/www.tepatiki.com.ar\/wp-content\/uploads\/2025\/08\/WhatsApp-Image-2025-07-29-at-15.08.460-1024x760.jpeg\" alt=\"\" class=\"wp-image-968\" srcset=\"https:\/\/www.tepatiki.com.ar\/wp-content\/uploads\/2025\/08\/WhatsApp-Image-2025-07-29-at-15.08.460-1024x760.jpeg 1024w, https:\/\/www.tepatiki.com.ar\/wp-content\/uploads\/2025\/08\/WhatsApp-Image-2025-07-29-at-15.08.460-300x223.jpeg 300w, https:\/\/www.tepatiki.com.ar\/wp-content\/uploads\/2025\/08\/WhatsApp-Image-2025-07-29-at-15.08.460-768x570.jpeg 768w, https:\/\/www.tepatiki.com.ar\/wp-content\/uploads\/2025\/08\/WhatsApp-Image-2025-07-29-at-15.08.460.jpeg 1080w\" sizes=\"auto, (max-width: 1024px) 100vw, 1024px\" \/><\/figure>\n<\/figure>\n\n\n\n<figure class=\"wp-block-image size-large\"><img loading=\"lazy\" decoding=\"async\" width=\"1024\" height=\"473\" src=\"https:\/\/www.tepatiki.com.ar\/wp-content\/uploads\/2025\/08\/Camera-Image-20250720-16-1024x473.jpg\" alt=\"\" class=\"wp-image-952\" srcset=\"https:\/\/www.tepatiki.com.ar\/wp-content\/uploads\/2025\/08\/Camera-Image-20250720-16-1024x473.jpg 1024w, https:\/\/www.tepatiki.com.ar\/wp-content\/uploads\/2025\/08\/Camera-Image-20250720-16-300x139.jpg 300w, https:\/\/www.tepatiki.com.ar\/wp-content\/uploads\/2025\/08\/Camera-Image-20250720-16-768x355.jpg 768w, https:\/\/www.tepatiki.com.ar\/wp-content\/uploads\/2025\/08\/Camera-Image-20250720-16-1536x709.jpg 1536w, https:\/\/www.tepatiki.com.ar\/wp-content\/uploads\/2025\/08\/Camera-Image-20250720-16-2048x946.jpg 2048w\" sizes=\"auto, (max-width: 1024px) 100vw, 1024px\" \/><\/figure>\n<p>Views: 31<\/p>","protected":false},"excerpt":{"rendered":"<p>Rufino Turpo, Noviembre\/2025 Durante 3 d\u00edas de Noviembre del 2025, Rufino Turpo, heredero de su linaje familiar andino y del&#8230;<\/p>\n<p class=\"more-link-wrap\"><a href=\"https:\/\/www.tepatiki.com.ar\/index.php\/la-visita-de-aurelio-ortiz-a-capilla-del-monte-cordoba-argentina\/\" class=\"more-link\">Read More<span class=\"screen-reader-text\"> &ldquo;Visitas de nuestros autores y entrevistados a la editorial&rdquo;<\/span> &raquo;<\/a><\/p>\n","protected":false},"author":1,"featured_media":1095,"parent":0,"menu_order":0,"comment_status":"closed","ping_status":"closed","template":"","meta":{"_monsterinsights_skip_tracking":false,"_monsterinsights_sitenote_active":false,"_monsterinsights_sitenote_note":"","_monsterinsights_sitenote_category":0,"_uf_show_specific_survey":0,"_uf_disable_surveys":false,"footnotes":""},"class_list":["post-948","page","type-page","status-publish","has-post-thumbnail","hentry"],"aioseo_notices":[],"_links":{"self":[{"href":"https:\/\/www.tepatiki.com.ar\/index.php\/wp-json\/wp\/v2\/pages\/948","targetHints":{"allow":["GET"]}}],"collection":[{"href":"https:\/\/www.tepatiki.com.ar\/index.php\/wp-json\/wp\/v2\/pages"}],"about":[{"href":"https:\/\/www.tepatiki.com.ar\/index.php\/wp-json\/wp\/v2\/types\/page"}],"author":[{"embeddable":true,"href":"https:\/\/www.tepatiki.com.ar\/index.php\/wp-json\/wp\/v2\/users\/1"}],"replies":[{"embeddable":true,"href":"https:\/\/www.tepatiki.com.ar\/index.php\/wp-json\/wp\/v2\/comments?post=948"}],"version-history":[{"count":4,"href":"https:\/\/www.tepatiki.com.ar\/index.php\/wp-json\/wp\/v2\/pages\/948\/revisions"}],"predecessor-version":[{"id":1100,"href":"https:\/\/www.tepatiki.com.ar\/index.php\/wp-json\/wp\/v2\/pages\/948\/revisions\/1100"}],"wp:featuredmedia":[{"embeddable":true,"href":"https:\/\/www.tepatiki.com.ar\/index.php\/wp-json\/wp\/v2\/media\/1095"}],"wp:attachment":[{"href":"https:\/\/www.tepatiki.com.ar\/index.php\/wp-json\/wp\/v2\/media?parent=948"}],"curies":[{"name":"wp","href":"https:\/\/api.w.org\/{rel}","templated":true}]}}